.
11, 12939379
List the prime factors of 25310464.
2, 98869
List the prime factors of 70313332.
2, 31, 137, 4139
List the prime factors of 2610676924.
2, 652669231
List the prime factors of 729961964.
2, 127, 1436933
What are the prime factors of 4713178?
2, 19, 31, 4001
What are the prime factors of 72887446?
2, 83, 439081
What are the prime factors of 5090501?
13, 101, 3877
List the prime factors of 2169643263.
3, 723214421
What are the prime factors of 1423743557?
17, 647, 129443
List the prime factors of 334135141.
173, 271, 7127
List the prime factors of 50431653.
3, 622613
List the prime factors of 100531610.
2, 5, 277, 36293
List the prime factors of 64977619.
7, 1171, 7927
What are the prime factors of 2923922194?
2, 7069, 206813
List the prime factors of 2096531419.
1223, 1714253
List the prime factors of 813608443.
19, 2253763
List the prime factors of 3103580567.
41, 75697087
List the prime factors of 1001431896.
2, 3, 337, 123817
What are the prime factors of 703825705?
5, 11, 31, 47, 8783
List the prime factors of 182866140.
2, 3, 5, 397, 853
List the prime factors of 781073186.
2, 390536593
List the prime factors of 4710753639.
3, 174472357
List the prime factors of 183298889.
1609, 113921
What are the prime factors of 287393810?
2, 5, 11, 19, 199, 691
What are the prime factors of 126537885?
3, 5, 17, 251, 659
List the prime factors of 65574463.
65574463
List the prime factors of 56796182.
2, 379, 74929
List the prime factors of 1321119484.
2, 37, 263, 33941
List the prime factors of 1838394575.
5, 67, 1097549
What are the prime factors of 8487019800?
2, 3, 5, 7, 673573
List the prime factors of 1345541901.
3, 11, 457, 8111
List the prime factors of 6403967569.
31, 13127, 15737
What are the prime factors of 201868021?
201868021
List the prime factors of 59754922.
2, 3793, 7877
What are the prime factors of 36550066?
2, 7, 2610719
List the prime factors of 2095585599.
3, 67, 10425799
What are the prime factors of 307305167?
13, 4483, 5273
List the prime factors of 2031561588.
2, 3, 7, 24185257
List the prime factors of 22677895.
5, 31, 146309
List the prime factors of 18082092.
2, 3, 7, 167, 1289
What are the prime factors of 5690786944?
2, 59, 753547
What are the prime factors of 159975273?
3, 263, 202757
What are the prime factors of 70197361?
13, 31, 13399
List the prime factors of 394190377.
7, 149, 457, 827
What are the prime factors of 21435567?
3, 7145189
What are the prime factors of 3528163300?
2, 5, 3701, 9533
What are the prime factors of 521620736?
2, 7, 13, 22391
What are the prime factors of 387200100?
2, 3, 5, 7, 47, 3923
What are the prime factors of 1648517913?
3, 7, 293, 9923
List the prime factors of 139270113.
3, 2243, 6899
What are the prime factors of 6444722122?
2, 31, 797, 130423
What are the prime factors of 6746985960?
2, 3, 5, 11, 13, 393181
What are the prime factors of 5958592402?
2, 7, 41, 881, 11783
List the prime factors of 1355935.
5, 7, 19, 2039
List the prime factors of 89487504.
2, 3, 29, 2381
What are the prime factors of 4746255261?
3, 11, 5393, 26669
What are the prime factors of 739569311?
13, 56889947
List the prime factors of 182810002.
2, 433, 211097
What are the prime factors of 75343385?
5, 13, 127, 9127
What are the prime factors of 443613162?
2, 3, 31, 191, 12487
What are the prime factors of 18550281?
3, 17, 363731
What are the prime factors of 415272091?
13, 139, 229813
List the prime factors of 42445638.
2, 3, 2358091
What are the prime factors of 561948647?
13, 2411, 17929
What are the prime factors of 388780131?
3, 199, 651223
List the prime factors of 59779148.
2, 11, 13, 41, 2549
What are the prime factors of 90090577?
90090577
List the prime factors of 52818511.
23, 59, 38923
What are the prime factors of 1323555799?
26947, 49117
List the prime factors of 245737401.
3, 7, 13, 128591
List the prime factors of 243852160.
2, 5, 381019
List the prime factors of 2305341828.
2, 3, 64037273
List the prime factors of 257604630.
2, 3, 5, 181, 47441
List the prime factors of 39123674.
2, 31, 131, 4817
List the prime factors of 86935431.
3, 11, 19, 61, 2273
List the prime factors of 1729627839.
3, 151, 241, 5281
What are the prime factors of 1773412951?
1773412951
What are the prime factors of 5390522?
2, 149, 18089
List the prime factors of 696416490.
2, 3, 5, 7, 11, 100493
List the prime factors of 1510245697.
1510245697
What are the prime factors of 258497422?
2, 431, 299881
What are the prime factors of 125873024?
2, 19, 73, 709
List the prime factors of 67659206.
2, 33829603
List the prime factors of 172892291.
11, 13, 233, 5189
List the prime factors of 197712826.
2, 79, 103, 12149
What are the prime factors of 1931352?
2, 3, 80473
List the prime factors of 1550826583.
1550826583
List the prime factors of 119199528.
2, 3, 7, 236507
What are the prime factors of 201355767?
3, 7457621
List the prime factors of 20083453.
13, 151, 787
What are the prime factors of 1798733059?
17, 19, 37, 59, 2551
List the prime factors of 194595000.
2, 3, 5, 12973
List the prime factors of 1162745156.
2, 61, 1153, 4133
What are the prime factors of 109864878?
2, 3, 19, 313, 3079
List the prime factors of 117800625.
3, 5, 62827
List the prime factors of 702776419.
3631, 193549
What are the prime factors of 7417255?
5, 1483451
List the prime factors of 510552090.
2, 3, 5, 41, 83, 1667
What are the prime factors of 801993608?
2, 13, 29, 59, 4507
What are the prime factors of 2150999123?
7, 13, 23, 79, 13009
What are the prime factors of 48976772?
2, 13, 941861
List the prime factors of 8427820479.
3, 13, 3881, 55681
List the prime factors of 40901796.
2, 3, 13, 17, 53, 97
What are the prime factors of 9637396570?
2, 5, 963739657
List the prime factors of 952910501.
307, 3103943
What are the prime factors of 1998566868?
2, 3, 821, 202859
What are the prime factors of 4064574941?
7, 1783, 46523
What are the prime factors of 12589700?
2, 5, 125897
What are the prime factors of 1051680604?
2, 13, 89, 113, 2011
What are the prime factors of 4896785866?
2, 7, 349770419
What are the prime factors of 51872226?
2, 3, 7, 89, 13877
What are the prime factors of 496974807?
3, 7, 193, 5839
What are the prime factors of 4031672231?
23, 175290097
What are the prime factors of 1021046240?
2, 5, 239, 26701
What are the prime factors of 542874990?
2, 3, 5, 7, 61, 42379
List the prime factors of 95403026.
2, 257, 313, 593
List the prime factors of 543399619.
7, 53, 1464689
What are the prime factors of 1901444864?
2, 11, 41, 43, 383
What are the prime factors of 3105494474?
2, 1552747237
List the prime factors of 884141839.
7, 19, 19381
What are the prime factors of 2775470435?
5, 499, 1112413
List the prime factors of 157908915.
3, 5, 23, 29, 5261
What are the prime factors of 25712952?
2, 3, 1071373
List the prime factors of 223746674.
2, 111873337
What are the prime factors of 104495165?
5, 3167, 6599
What are the prime factors of 268805304?
2, 3, 113, 3671
What are the prime factors of 1039664?
2, 181, 359
What are the prime factors of 3332047042?
2, 61, 27311861
List the prime factors of 33365239.
1453, 22963
List the prime factors of 365769171.
3, 19, 103, 1093
What are the prime factors of 16507426?
2, 13, 634901
List the prime factors of 153264593.
283, 541571
What are the prime factors of 73162815?
3, 5, 11, 17, 26083
What are the prime factors of 42474422?
2, 23, 61, 15137
List the prime factors of 10843110.
2, 3, 5, 17, 19, 373
What are the prime factors of 2181534340?
2, 5, 109076717
List the prime factors of 93090488.
2, 101, 115211
What are the prime factors of 31549672?
2, 7, 11, 51217
List the prime factors of 60742103.
23, 109, 24229
List the prime factors of 187585456.
2, 29, 523, 773
What are the prime factors of 108062192?
2, 7, 73, 13217
List the prime factors of 64798075.
5, 19, 136417
What are the prime factors of 83392549?
23, 97, 37379
What are the prime factors of 432652828?
2, 41, 109, 24203
List the prime factors of 4899167394.
2, 3, 11, 23, 140321
List the prime factors of 33235632.
2, 3, 443, 521
What are the prime factors of 67031034?
2, 3, 7, 17, 269, 349
List the prime factors of 535909812.
2, 3, 509, 87739
What are the prime factors of 1607647175?
5, 103, 624329
List the prime factors